))
17
15 + 16 + -21 + 2 + (-29 - -39)
22
-233 - -254 - (12 + 0)
9
What is the value of (-1 - -2) + -6 + 14 + 3 + -4?
8
Calculate 153 - 167 - (-16 - -2).
0
Calculate 2 + 2 + (-220 - -201).
-15
Evaluate 5 + -3 + -13 - -3 - (7 + -2).
-13
1 - 8 - (78 - 93)
8
What is the value of (-3 - -7 - (-4 - -1)) + 11 + -17?
1
-10 + -5 - -40 - (0 + 6) - 1
18
Calculate (6 - (-14 + (-7 - 3))) + 6.
36
Evaluate 3 - (1 + 2 - (19 + -17)).
2
What is (-1 - 1) + 27 + -69 + 63?
19
Evaluate (-8 - (-14 - -5)) + 31 + -13.
19
Calculate 1 + 36 - (691 + -667).
13
Evaluate -4 - (2 - -26) - (263 - 280).
-15
Calculate -16 - (0 + 8 + -5).
-19
What is the value of 3 - ((-3 - -3) + -9 + 8)?
4
What is the value of (2 - -5) + (11 - (-4 + 22))?
0
What is 11 - (36 - 9 - 1)?
-15
Evaluate 4 + (18 - -5) + -11.
16
15 + -13 + 34 + -23
13
Calculate 0 - (7 - (-7 - -6) - -1).
-9
Evaluate (3 - (-10 - -5) - (-3 - -3)) + -2.
6
Evaluate (-81 - -77) + 2 + 1 + 12.
11
Calculate (10 + -35 - (2 + 1 + 2)) + 8.
-22
What is 9 - (10 + -17) - (8 + -3 - 12)?
23
Calculate (-1 - ((-9 - 3) + 9)) + 0.
2
Calculate (19 - (0 - -19)) + 22.
22
(14 - 0) + -21 + -7
-14
Calculate -4 + 2 + (3 - -15).
16
Evaluate -88 + 112 + (-2 - -2) + -11 - 3.
10
Calculate -17 + (-30 - -58) + -4.
7
-68 + 68 + (-2 - (1 + -12))
9
Calculate -27 + (29 - 28 - -22).
-4
5 - -2 - -2 - (-26 + (5 - -27))
3
(-4 - (7 - ((9 - 7) + 4))) + 5
0
What is 41 - -3 - (17 - (-17 + 19))?
29
Evaluate -4 + -11 + 6 + -5 + (-13 - -21).
-6
What is the value of (-3 - 8 - -9) + -11?
-13
Calculate 7 + -1 + (-35 - -34 - 6).
-1
Evaluate -164 - -160 - (1 + (-2 + -1 - -2)).
-4
Calculate 33 - 31 - (-4 - -15).
-9
Evaluate -11 + 12 + (-30 - -32 - (8 - 3)).
-2
Evaluate 29 + -34 + (2 - 0 - 0 - 1).
-4
What is the value of 39 - (-4 + (21 - 19) - (-2 - 10))?
29
What is (-289 - -291) + (3 + 2 - 1)?
6
What is 4 + (-15 - 3) - (148 + -158)?
-4
Calculate (1 - (-1 - (-9 - -4))) + (41 - 33).
5
What is the value of 0 + -2 + (-2 + 3 - 5)?
-6
Evaluate -6 - (-10 + 2) - (6 - 10).
6
(7 - (0 + 0)) + (19 - (-9 - -55))
-20
Evaluate -1 - -7 - -6 - 5 - (2 - 1).
6
(5 - ((10 - 4) + -13)) + (0 - -1)
13
Calculate (0 + -3 - 1) + 3 - (-392 - -371).
20
Evaluate 3 + (4 - 5 - (-18 - -11)) + -24.
-15
What is (-19 - -13 - 4) + -25 + 11?
-24
Calculate 5 - (-2 - 0) - (8 + 3 + -6).
2
Evaluate 3 + (-3 - -4) + -2 + (-11 - -1).
-8
Evaluate (0 - (2 + -5)) + -25 + (-11 - -30).
-3
What is -2 - (5 - -6) - -26 - 32?
-19
0 - (-25 - (7 - (0 + 0)) - -1)
31
What is the value of -3 + 16 + -9 - (6 - (-1 + -8))?
-11
Evaluate -2 + -7 + (-218 - -219).
-8
What is the value of (70 - 75) + (-8 - (0 + 4))?
-17
What is -4 + (-9 + 14 - -15)?
16
What is 47 + (18 + 1 - 32) + 1?
35
Evaluate 18 - (11 - (7 - 3)).
11
What is -7 + (26 - (-5 + (20 - 0)))?
4
Evaluate 6 - 5 - (-2 - 4) - -10.
17
What is -3 + 8 + -3 + (7 - 0) + -8?
1
6 + -6 + 3 - (8 - -4)
-9
What is 29 + (-38 - 6) - (-6 - 3)?
-6
Calculate 2 + 1 - (-25 + (-18 - -54)).
-8
Calculate -7 - (3 - (22 + -28 + (1 - -1))).
-14
What is -4 + (10 - 5) + -3 + 5?
3
Calculate 9 - (-17 + 19 + 20).
-13
17 + (-4 - 2 - 3 - -9)
17
Evaluate (-2 - 4) + (1 - (5 + -5 + 5)).
-10
14 - (99 - 91 - (20 + -3))
23
Calculate -28 + (27 - (-3 - -7)).
-5
Calculate (1 + 17 - 14) + -11.
-7
What is the value of -13 - (25 + 1) - -11?
-28
4 + -7 - (4 - (0 - 0 - -4))
-3
-50 + 48 + -19 + 20 + (11 - 0)
10
31 - 41 - (4 - 5)
-9
What is the value of (-1 - 15 - -9) + 8?
1
What is -5 + (-9 + (7 - 5) - -14) - 13?
-11
(36 - -1) + (-9 - -23) + -27
24
What is the value of (-12 - (17 + 2)) + 8?
-23
(1 + -9 - -1) + 9 - 7
-5
Calculate 3 + (0 + -25 - -31).
9
Evaluate 42 - (11 - -17) - 11.
3
Calculate 12 - (-3 + 34 + -47 + 48).
-20
2 + (-6 - (-3 + -3 + -4)) - 8
-2
Calculate -3 - 1 - (-6 - -2 - (-1 - 3)).
-4
What is -22 - (-28 - -23) - (-2 + (0 - 1))?
-14
What is the value of 2 + 5 - (310 + -333)?
30
What is -8 - 2 - (-86 + 72) - 16?
-12
What is (7 - (-3 + 16)) + 4 - -3?
1
(-1 - -7) + 97 + -107
-4
What is the value of 0 + -20 + 1241 + -1193?
28
Evaluate 7 + -6 + 6 + (0 - -1) + 2.
10
What is 0 + (22 - 2) - (1 + 6)?
13
Evaluate 313 + -344 - (-2 - 31).
2
What is the value of -5 + (-1 - (-4 - -5)) + 51 + -57?
-13
Evaluate 6 + 2 - (-2 - (2 + 2 - 3)).
11
What is (-4 - 0) + -3 + -2 + -6 + 3?
-12
What is the value of -1 + (-3 - -7) + 4 + -6 - -10?
11
What is 3 + -5 - (-14 + 11 + -1)?
2
Calculate 6 + (9 - 9) + -9 + 4.
1
What is the value of -20 + 26 + (3 - 3) + -8?
-2
What is the value of -12 + 0 + (-3 + 4 - -4) - -22?
15
Calculate 24 - (17 - 16) - (-3 + 14).
12
What is -8 + (18 - 20 - 0 - 9)?
-19
What is 19 + -41 - (-11 - 1)?
-10
What is the value of -13 - (-9 - -4 - -1 - -2)?
-11
12 + (-24 - (11 - 25))
2
What is -877 + 873 - (-1 - -2 - 15)?
10
What is -1 - 3 - -23 - (16 - 8)?
11
Calculate -15 - (-33 - (28 - -3 - 17)).
32
What is the value of 0 - (-7 - (2 - (5 - -2)))?
2
Evaluate -3 - (2 + -1 - (3 + 0)).
-1
What is -7 - (-30 + (-5 + 5 - -4) + -16)?
35
What is -14 - (28 + -42 - -10)?
-10
-26 + 7 - (25 + -13 + -10 + 0)
-21
Evaluate (0 - -4 - (6 - (19 - 18))) + 21.
20
Evaluate (5 - -7) + 17 + (11 - 0) - 9.
31
Evaluate (-37 - -2) + 24 - (-14 - -1).
2
Evaluate 0 + (5 - (8 + -9)).
6
Evaluate 0 + -6 - (56 + 38 + -97).
-3
Evaluate (-1 - -2) + 9 - (40 - (-1 + -1)).
-32
What is -14 + -3 + (-32 + 16 - -33)?
0
What is 37 + 0 + 18 + -11 + 0 - 11?
33
What is the value of -27 + (69 - 20 - 30)?
-8
What is (42 - 30) + (2 - 2)?
12
Calculate 24 + -24 + (14 - 4 - -7).
17
Calculate -2 + 2 - 0 - 1.
-1
Evaluate (8 - -2) + (-3 - -2 - 3) - 0.
6
12 + (-32 - (-10 + -6))
-4
Evaluate -1 + 5 + -3 + 1 - (-135 + 150).
-13
What is the value of -6 + 6 + -46 + 38?
-8
Evaluate -2 - (-8 + 13 - (-9 + 7)).
-9
What is (7 - (8 + -8 - -6)) + 11?
12
Calculate 2 - (-2 + 6 + -4 - 1) - 5.
-2
What is the value of 1 + -4 - ((3 - -1) + (-8 - -10))?
-9
Evaluate -18 - (-6 - (22 + -21)).
-11
-5 + 7 - (1 - -5 - (26 - 12))
10
What is (2 - (17 + -2)) + 20?
7
Calculate -3 - 22 - (136 + -142).
-19
What is the value of 3 + (-4 - (-2 + 8 - 13)) - 3?
3
What is the value of -3 + (13 - 3) - ((38 - 24) + -24)?
17
Evaluate -5 - (-31 + 6) - (0 - (-5 + 1)).
16
What is the value of -42 - (21 - 19 - 19)?
-25
Evaluate (15 - 1 - 16) + 25 + -6.
17
What is 5 + (-7 - (4 - 7)) + (15 - -7)?
23
Calculate -2 + 2 + -27 - (25 + -15 - 14).
-23
(-3 + -4 + 10 + -8 - 0) + 3
-2
Calculate 2 - (1 + 2 + -246 + 234).
11
What is 6 + -26 + 34 + -1 + -17?
-4
What is -4 + -6 - (1 + 3 + -11) - -26?
23
What is the value of -2 + -4 + (-93 - -105)?
6
Evaluate 7 + -14 - -4 - -3.
0
-21 + (4 - -11) - 3
-9
What is the value of 7 + 1 + (-6 - 0 - (-3 + -4))?
9
What is (-3 - -3) + -2 - (-63 - -42)?
19
Calculate -2 - 0 - 2 - (9 + -2).
-11
-7 - (-10 + -7 + -9) - -1
20
What is the value of -20 - ((-12 - -16) + -19)?
-5
(62 - 36) + -25 - 21
-20
Evaluate (-5 - 5) + -1 - -10 - 5.
-6
What is the value of (-13 - ((-8 - -7) + -4)) + -9?
-17
Evaluate -16 + -2 + (84 - 78) - 23.
-35
What is the value of 0 - ((7 + 19 - 0) + -7)?
-19
2 + -17 - 6 - -5
-16
What is the value of (20 - -19) + -45 - -28?
22
-14 - (4 - (-3 + 10))
-11
Calculate -8 - (0 + -7 + -6 + 5 + 18).
-18
What is -3 - (2 + -11) - (5 + -17 + 27)?
-9
What is the value of 35 - (12 - -9 - -7)?
7
What is (7 + -6 - (0 + 4)) + 23?
20
Calculate 16 - -3 - (10 + 2 + -11).
18
Evaluate 24 - (-15 - (-81 - -23)).
-19
What is the value of (8 - (10 + -4) - -3) + -4 + -1?
0
What is the value of -13 + 1 + -7 + (23 - 13)?
-9
Calculate -16 + (0 + -5 - -12) - -28.
19
Calculate -4 + (66 - 20) + -23.
19
Calculate (-157 - -156) + -2 + -10.
-13
What is 11 + -25 + (14 - -2)?
2
Calculate -8 + 0 + (8 - (-9 - (11 - 11))).
9
Evaluate -1 - (0 - 5) - (1563 - 1567).
8
-33 + -26 + 47 + 6
-6
Evaluate (-5 + -9 - -28) + -19.
-5
Evaluate -8 + (1 - -1 - (2 + -16)).
8
What is the value of -14 - ((-98 - -113) + -9 + 2)?
-22
Calculate (-2 - -16) + (-1127 - -1141).
28
Evaluate -19 - (-12 - -25 - 29 - -20).
-23
What is the value of -12 + 1 + -1 + 7 + -5?
-10
What is (-3 - -3 - 1) + 6 + 159 + -152?
12
What is the value of 9 - (4 - (8 + -9 - 4))?
0
What is the value of 2 - 0 - ((-12 - -16 - 10) + -4)?
12
Evaluate 46 + (9 - 27) + -8.
20
Evaluate (33 - 12) + -12 - 12.
-3
Calculate 23 + 0 + (-209 - -211).
25
Calculate 27 + (4 - 19) + -2.
10
Evaluate (-22 - -46) + -1 + 1 + -8.
16
Calculate (-4 - -3) + 7 - (0 + (-22 - -20)).
8
130 + -120 +